 Calculate y(12).
-152
Let x(r) = -r**2 - 22*r - 148. What is x(-9)?
-31
Let h(c) = -4349*c - 30412. Give h(-7).
31
Let r(s) = -4*s + 40. Calculate r(-64).
296
Let p(l) = -64*l - 264. Give p(-6).
120
Let z(n) = -70*n - 1643. Determine z(-28).
317
Let f(i) = 2*i**2 - 40*i - 47. What is f(20)?
-47
Let x(j) = -j**2 - 185*j + 1350. Calculate x(7).
6
Let n(f) = -2*f**3 + 28*f**2 - 64*f + 197. Calculate n(12).
5
Let r(p) = 3*p**2 - 778*p + 3135. Calculate r(4).
71
Let y(m) = -4*m**2 - 8*m + 144. What is y(6)?
-48
Let j(r) = 2*r**3 - 40*r**2 - 83*r + 26. Determine j(22).
136
Let z(c) = -2*c**2 + 426*c + 353. Give z(214).
-75
Let i(k) = -24*k**3 - 167*k**2 + k - 16. Give i(-7).
26
Let p(y) = y**3 + 28*y**2 + 203*y + 13. What is p(-15)?
-107
Let q(t) = -t**3 - 5*t**2 - t + 4. What is q(-4)?
-8
Let v(m) = 3*m**3 + 23*m**2 + 2*m - 52. Determine v(-7).
32
Let r(k) = -5*k**3 - 38*k**2 - 51*k - 217. Give r(-7).
-7
Let o(s) = 2*s**3 + 34*s**2 + 97*s - 244. What is o(-12)?
32
Let g(y) = -7*y**2 + 13*y + 7. Give g(3).
-17
Let f(l) = l**3 + 6*l**2 + 634*l + 2519. Determine f(-4).
15
Let m(y) = 4*y - 86. What is m(10)?
-46
Let o(t) = -2*t**3 - 45*t**2 + 80*t + 189. Give o(-24).
-3
Let d(x) = 8*x + 82. Give d(-6).
34
Let d(a) = -9*a**2 + 374*a - 543. Calculate d(40).
17
Let l(x) = 3*x**3 + 45*x**2 - 99*x + 64. Calculate l(-17).
13
Let o(x) = x**3 - 193*x**2 - 220*x - 33149. Determine o(195).
1
Let b(j) = 15*j**2 - 189*j + 296. Determine b(11).
32
Let n(v) = -166*v + 93. Give n(1).
-73
Let j(t) = -6*t**2 + 41*t - 41. Determine j(4).
27
Let r(p) = 43*p - 1139. Give r(28).
65
Let p(a) = 2*a**3 - 21*a**2 - 15*a + 10. Give p(11).
-34
Let s(v) = 48*v - 41. Determine s(6).
247
Let u(x) = x**2 + 82*x + 145. Determine u(-80).
-15
Let k(j) = 55*j**2 + 4*j - 6. What is k(2)?
222
Let l(a) = 2*a**3 - 7*a**2 - 4*a + 13. What is l(-3)?
-92
Let f(i) = 82*i + 1319. Calculate f(-16).
7
Let a(k) = -3*k**2 - 114*k - 974. Calculate a(-25).
1
Let q(f) = 2*f**2 - 4151*f - 1. Determine q(0).
-1
Let g(p) = 3*p**3 - 27*p**2 - 33*p + 33. Determine g(10).
3
Let o(x) = 396*x + 1638. Give o(-4).
54
Let k(g) = -116*g**2 - 585*g - 6. What is k(-5)?
19
Let f(s) = s**3 - 73*s**2 - 45*s + 3280. Give f(73).
-5
Let d(c) = c**2 - 72*c + 78. Give d(70).
-62
Let x(l) = 958*l - 37. Give x(0).
-37
Let v(n) = -4*n**2 - 112. Calculate v(-6).
-256
Let o(b) = -2*b**2 + 496*b + 3045. Determine o(-6).
-3
Let u(o) = 1027*o - 3070. Determine u(3).
11
Let c(i) = -i**3 - 4*i**2 + 222*i - 964. What is c(6)?
8
Let l(g) = g**3 - 41*g + 156. Determine l(4).
56
Let u(r) = -12*r**2 - 639*r - 159. Give u(-53).
0
Let h(r) = -76*r + 253. Determine h(-3).
481
Let i(q) = -30*q - 78. Calculate i(3).
-168
Let b(d) = -2*d**3 + 4*d**2 + 7*d - 10. What is b(-5)?
305
Let m(t) = t**3 - 37*t**2 + 33*t + 96. Calculate m(36).
-12
Let n(c) = -c**3 + 15*c**2 - 26*c - 23. What is n(13)?
-23
Let k(b) = 4*b**2 + 92*b - 584. Calculate k(6).
112
Let d(z) = -z**2 - 54*z + 1. What is d(-54)?
1
Let i(r) = -r**2 - 33*r - 26. Calculate i(-33).
-26
Let q(i) = 10*i**2 + 58*i + 402. What is q(-12)?
1146
Let q(r) = 2*r**3 - 4*r**2 + 37*r - 115. Determine q(3).
14
Let u(q) = 3*q**3 - 5*q**2 - q - 272. Give u(0).
-272
Let h(l) = 4*l**3 + 44*l**2 - 20*l - 197. Determine h(-11).
23
Let n(p) = -2*p**2 - 48*p + 2176. Give n(23).
14
Let v(g) = g**3 - 6*g**2 + 74*g - 345. Give v(5).
0
Let v(g) = -g**3 - 3*g**2 + 21*g + 68. Give v(-4).
0
Let k(z) = -z**2 + 11*z - 2. What is k(8)?
22
Let z(k) = k**3 - 10*k**2 + 6*k + 13. Determine z(7).
-92
Let g(h) = 230*h + 2340. Give g(-10).
40
Let q(y) = y**3 - 3*y**2 + 85. What is q(0)?
85
Let q(s) = -7*s**2 - 181*s + 1363. Give q(-32).
-13
Let q(x) = -x**3 - 6*x**2 - x + 9. Calculate q(-4).
-19
Let z(f) = 7*f - 23. Determine z(6).
19
Let p(i) = i**3 + 23*i**2 - 17*i - 308. Determine p(-23).
83
Let b(x) = -2*x**2 + 131*x - 1330. Determine b(53).
-5
Let k(w) = w**3 - 13*w**2 - 30*w. Determine k(15).
0
Let h(d) = -148*d - 585. Determine h(-4).
7
Let n(u) = u**3 + 34*u**2 - 108*u - 28. Calculate n(3).
-19
Let i(b) = b**2 + 31*b + 214. What is i(-21)?
4
Let v(p) = p**3 - 9*p**2 + 10*p - 14. Determine v(9).
76
Let m(o) = -o**3 + 74*o**2 - 65*o + 4805. What is m(74)?
-5
Let f(u) = u**2 + 12*u - 19. Determine f(-6).
-55
Let b(h) = -47*h - 711. Give b(-15).
-6
Let a(s) = -6*s**2 + 66*s - 148. Calculate a(5).
32
Let o(z) = z**2 - 156*z + 3274. Give o(25).
-1
Let r(z) = -z**2 + 34*z - 104. Determine r(32).
-40
Let g(f) = f**2 + 56*f - 887. Give g(13).
10
Let i(n) = n**3 - 11*n**2 + 70*n - 343. Give i(7).
-49
Let m(r) = -460*r + 12883. What is m(28)?
3
Let i(y) = -2*y**2 - 21*y - 111. Calculate i(-18).
-381
Let d(l) = -4*l - 153. What is d(-8)?
-121
Let m(g) = -21*g**3 - g**2 + 2*g + 4. Calculate m(2).
-164
Let z(y) = 10*y**2 - 276*y - 720. Give z(30).
0
Let u(h) = -h**3 + 4*h**2 - 181*h + 739. What is u(4)?
15
Let p(r) = 404*r - 1740. What is p(4)?
-124
Let c(k) = k**2 - 184*k - 2571. What is c(-13)?
-10
Let j(h) = h**2 - 59*h + 228. What is j(55)?
8
Let y(o) = -14*o + 803. Give y(57).
5
Let t(r) = r**3 - 15*r**2 + 22*r - 29. Determine t(14).
83
Let q(j) = 2*j**3 + 5*j**2 + 24*j - 11. What is q(6)?
745
Let d(p) = p**3 - 20*p**2 + 33*p - 4. Calculate d(17).
-310
Let q(h) = 2*h**3 + 72*h**2 + 66*h - 122. Determine q(-35).
18
Let t(c) = -c**2 - 42*c - 43. What is t(-1)?
-2
Let d(x) = -3*x**2 + 58*x - 50. Give d(13).
197
Let n(h) = -h**2 - 36*h - 60. Give n(-35).
-25
Let w(r) = 47*r - 3060. Calculate w(64).
-52
Let i(s) = -s**3 + 2*s**2 + 2*s + 72. Calculate i(0).
72
Let m(t) = 26*t**2 + 167*t - 54. What is m(-7)?
51
Let r(o) = -14*o - 165. Calculate r(-2).
-137
Let y(t) = 84*t - 37. Calculate y(1).
47
Let l(o) = -o**3 - o**2 + 48*o + 1. What is l(-8)?
65
Let a(p) = 16*p**3 + 4*p**2 + 9*p + 11. Give a(-2).
-119
Let q(h) = h**3 - 34*h**2 + 120*h - 62. Calculate q(30).
-62
Let r(t) = t**3 - 28*t**2 - 1563*t + 122. Determine r(-28).
-18
Let o(d) = -1023*d + 29675. Give o(29).
8
Let v(z) = -2*z + 1. Calculate v(3).
-5
Let s(w) = w**2 - 18*w + 33. What is s(15)?
-12
Let m(v) = -3*v**2 + 446*v - 447. Give m(148).
-151
Let j(n) = -2*n**2 + 55*n + 368. Determine j(33).
5
Let f(o) = o**3 + 89*o**2 + 112*o + 2112. Give f(-88).
0
Let u(c) = 9*c**2 + 7*c + 1. Determine u(-2).
23
Let f(s) = -453*s**2 - 477*s - 2. Calculate f(-1).
22
Let n(m) = -m**3 - 28*m**2 + 3*m - 52. What is n(-28)?
-136
Let i(d) = -d**2 - 2*d + 26. Determine i(-6).
2
Let n(x) = x**3 - 2*x**2 - 36*x - 46. Calculate n(-4).
2
Let v(s) = 2*s**2 - 10*s - 18. Calculate v(13).
190
Let f(b) = -4*b - 160. What is f(-40)?
0
Let t(v) = -91*v - 1732. What is t(-19)?
-3
Let v(r) = -r**2 + 260*r + 1588. Give v(-6).
-8
Let g(s) = s**3 - 176*s**2 + 871*s - 2746. Calculate g(171).
-10
Let f(h) = h**3 - 16*h**2 + 2*h - 1127. Give f(19).
-6
Let k(c) = 3*c**2 - 246*c - 3715. Determine k(-13).
-10
Let b(w) = -3714*w + 3716. Calculate b(1).
2
Let q(x) = -953*x + 5. Determine q(0).
5
Let f(k) = -2*k**3 - 17*k**2 - 11*k - 19. Determine f(-8).
5
Let g(j) = -j**3 - 30*j**2 - 216*j - 1. Calculate g(-17).
-86
Let u(o) = -2*o**3 + 20*o**2 - 40*o + 8. Give u(7).
22
Let t(z) = -z**3 + 6*z**2 - 4*z + 96. Calculate t(7).
19
Let u(q) = 5*q**2 + 59*q - 24. What is u(-13)?
54
Let a(r) = 3*r**2 - 55*r - 45. Determine a(18).
-63
Let n(r) = r**3 + 145*r**2 - 15*r - 2129. Calculate n(-145).
46
Let m(s) = 3*s**2 - 20*s + 73. What is m(4)?
41
Let s(v) = 98*v + 1636. Calculate s(-22).
-520
Let h(z) = 11488*z - 68927. What is h(6)?
1
Let o(z) = -5*z**2 - 25*z + 13. Give o(-13).
-507
Let d(k) = -138*k**3 + 5*k + 5. Give d(-1).
138
Let m(z) = z**2 + 125*z + 920. Give m(-8).
-16
Let k(z) = 6*z**2 + 10*z. Determine k(3).
84
Let q(b) = 4*b + 125. Determine q(-26).
21
Let i(p) = -597*p**2 + 2385*p - 9. Determine i(4).
-21
Let b(h) = -298*h + 31588. Determine b(106).
0
Let i(n) = -2*n**3 + 18*n**2 + 297*n - 2273. Give i(7).
2
Let b(a) = 9*a**2 + 19*a - 221. Determine b(-6).
-11
Let z(v) = -44*v - 1043. Give z(-22).
-75
Let n(g) = g**3 + 82*g**2 - 84*g - 85. Determine n(-83).
-2
Let k(b) = -b**3 - 26*b**2 + 9*b + 66. Calculate k(-26).
-168
Let l(j) = 281*j - 43250. Give l(154).
24
Let z(i) = -i**3 + 48*i**2 + 273*i - 6120. Give z(51).
0
Let x(i) = 209*i - 826. Calculate x(4).
10
Let g(v) = -280*v + 4795. Determine g(17).
3